[INFO] cloning repository https://github.com/menzels/rpathtracer
[INFO] running `Command { std: "git" "-c" "credential.helper=" "-c" "credential.helper=/workspace/cargo-home/bin/git-credential-null" "clone" "--bare" "https://github.com/menzels/rpathtracer" "/workspace/cache/git-repos/https%3A%2F%2Fgithub.com%2Fmenzels%2Frpathtracer", kill_on_drop: false }`
[INFO] [stderr] Cloning into bare repository '/workspace/cache/git-repos/https%3A%2F%2Fgithub.com%2Fmenzels%2Frpathtracer'...
[INFO] running `Command { std: "git" "rev-parse" "HEAD", kill_on_drop: false }`
[INFO] [stdout] aaa8eb3185825399eb75879e893955a23550df03
[INFO] checking menzels/rpathtracer against master#af3c6e733a40e671550e0f0f5aeecaa13772ba56 for pr-74989
[INFO] running `Command { std: "git" "clone" "/workspace/cache/git-repos/https%3A%2F%2Fgithub.com%2Fmenzels%2Frpathtracer" "/workspace/builds/worker-3/source", kill_on_drop: false }`
[INFO] [stderr] Cloning into '/workspace/builds/worker-3/source'...
[INFO] [stderr] done.
[INFO] validating manifest of git repo https://github.com/menzels/rpathtracer on toolchain af3c6e733a40e671550e0f0f5aeecaa13772ba56
[INFO] running `Command { std: "/workspace/cargo-home/bin/cargo" "+af3c6e733a40e671550e0f0f5aeecaa13772ba56" "read-manifest" "--manifest-path" "Cargo.toml", kill_on_drop: false }`
[INFO] started tweaking git repo https://github.com/menzels/rpathtracer
[INFO] removed path dependency pixels from git repo https://github.com/menzels/rpathtracer
[INFO] finished tweaking git repo https://github.com/menzels/rpathtracer
[INFO] tweaked toml for git repo https://github.com/menzels/rpathtracer written to /workspace/builds/worker-3/source/Cargo.toml
[INFO] crate git repo https://github.com/menzels/rpathtracer already has a lockfile, it will not be regenerated
[INFO] running `Command { std: "/workspace/cargo-home/bin/cargo" "+af3c6e733a40e671550e0f0f5aeecaa13772ba56" "fetch" "--locked" "--manifest-path" "Cargo.toml", kill_on_drop: false }`
[INFO] [stderr] warning: dependency (pixels) specified without providing a local path, Git repository, or version to use. This will be considered an error in future versions
[INFO] [stderr]     Blocking waiting for file lock on package cache
[INFO] [stderr]     Updating crates.io index
[INFO] [stderr] error: the lock file /workspace/builds/worker-3/source/Cargo.lock needs to be updated but --locked was passed to prevent this
[INFO] [stderr] If you want to try to generate the lock file without accessing the network, use the --offline flag.
[INFO] the lockfile is outdated, regenerating it
[INFO] running `Command { std: "/workspace/cargo-home/bin/cargo" "+af3c6e733a40e671550e0f0f5aeecaa13772ba56" "generate-lockfile" "--manifest-path" "Cargo.toml" "-Zno-index-update", kill_on_drop: false }`
[INFO] [stderr]     Blocking waiting for file lock on package cache
[INFO] running `Command { std: "/workspace/cargo-home/bin/cargo" "+af3c6e733a40e671550e0f0f5aeecaa13772ba56" "fetch" "--locked" "--manifest-path" "Cargo.toml", kill_on_drop: false }`
[INFO] [stderr] warning: dependency (pixels) specified without providing a local path, Git repository, or version to use. This will be considered an error in future versions
[INFO] [stderr]     Blocking waiting for file lock on package cache
[INFO] [stderr]     Blocking waiting for file lock on package cache
[INFO] running `Command { std: "docker" "create" "-v" "/var/lib/crater-agent-workspace/builds/worker-3/target:/opt/rustwide/target:rw,Z" "-v" "/var/lib/crater-agent-workspace/builds/worker-3/source:/opt/rustwide/workdir:ro,Z" "-v" "/var/lib/crater-agent-workspace/cargo-home:/opt/rustwide/cargo-home:ro,Z" "-v" "/var/lib/crater-agent-workspace/rustup-home:/opt/rustwide/rustup-home:ro,Z" "-e" "SOURCE_DIR=/opt/rustwide/workdir" "-e" "CARGO_TARGET_DIR=/opt/rustwide/target" "-e" "CARGO_HOME=/opt/rustwide/cargo-home" "-e" "RUSTUP_HOME=/opt/rustwide/rustup-home" "-w" "/opt/rustwide/workdir" "-m" "1610612736" "--user" "0:0" "--network" "none" "rustops/crates-build-env@sha256:d92eaeed33fa75130ca1ee6c8a01d1ffb62bac859dfdfb3450e3e5d1c0146529" "/opt/rustwide/cargo-home/bin/cargo" "+af3c6e733a40e671550e0f0f5aeecaa13772ba56" "metadata" "--no-deps" "--format-version=1", kill_on_drop: false }`
[INFO] [stdout] 7f5bc2f1f6f2969ba76b02a7ccb98615b3ac43926f67a996f6bff2d08418e202
[INFO] [stderr] WARNING: Your kernel does not support swap limit capabilities or the cgroup is not mounted. Memory limited without swap.
[INFO] running `Command { std: "docker" "start" "-a" "7f5bc2f1f6f2969ba76b02a7ccb98615b3ac43926f67a996f6bff2d08418e202", kill_on_drop: false }`
[INFO] running `Command { std: "docker" "inspect" "7f5bc2f1f6f2969ba76b02a7ccb98615b3ac43926f67a996f6bff2d08418e202", kill_on_drop: false }`
[INFO] running `Command { std: "docker" "rm" "-f" "7f5bc2f1f6f2969ba76b02a7ccb98615b3ac43926f67a996f6bff2d08418e202", kill_on_drop: false }`
[INFO] [stdout] 7f5bc2f1f6f2969ba76b02a7ccb98615b3ac43926f67a996f6bff2d08418e202
[INFO] running `Command { std: "docker" "create" "-v" "/var/lib/crater-agent-workspace/builds/worker-3/target:/opt/rustwide/target:rw,Z" "-v" "/var/lib/crater-agent-workspace/builds/worker-3/source:/opt/rustwide/workdir:ro,Z" "-v" "/var/lib/crater-agent-workspace/cargo-home:/opt/rustwide/cargo-home:ro,Z" "-v" "/var/lib/crater-agent-workspace/rustup-home:/opt/rustwide/rustup-home:ro,Z" "-e" "SOURCE_DIR=/opt/rustwide/workdir" "-e" "CARGO_TARGET_DIR=/opt/rustwide/target" "-e" "CARGO_INCREMENTAL=0" "-e" "RUST_BACKTRACE=full" "-e" "RUSTFLAGS=--cap-lints=forbid" "-e" "CARGO_HOME=/opt/rustwide/cargo-home" "-e" "RUSTUP_HOME=/opt/rustwide/rustup-home" "-w" "/opt/rustwide/workdir" "-m" "1610612736" "--user" "0:0" "--network" "none" "rustops/crates-build-env@sha256:d92eaeed33fa75130ca1ee6c8a01d1ffb62bac859dfdfb3450e3e5d1c0146529" "/opt/rustwide/cargo-home/bin/cargo" "+af3c6e733a40e671550e0f0f5aeecaa13772ba56" "check" "--frozen" "--all" "--all-targets" "--message-format=json", kill_on_drop: false }`
[INFO] [stderr] WARNING: Your kernel does not support swap limit capabilities or the cgroup is not mounted. Memory limited without swap.
[INFO] [stdout] f30b5e556bb7021090f84aa52bf4eaac54d25007f32bf26c7df143e81a7c62a0
[INFO] running `Command { std: "docker" "start" "-a" "f30b5e556bb7021090f84aa52bf4eaac54d25007f32bf26c7df143e81a7c62a0", kill_on_drop: false }`
[INFO] [stderr] warning: dependency (pixels) specified without providing a local path, Git repository, or version to use. This will be considered an error in future versions
[INFO] [stderr]    Compiling libc v0.2.77
[INFO] [stderr]     Checking cfg-if v0.1.10
[INFO] [stderr]    Compiling bitflags v1.2.1
[INFO] [stderr]    Compiling autocfg v1.0.1
[INFO] [stderr]    Compiling libm v0.2.1
[INFO] [stderr]    Compiling log v0.4.11
[INFO] [stderr]     Checking lazy_static v1.4.0
[INFO] [stderr]    Compiling byteorder v1.3.4
[INFO] [stderr]    Compiling proc-macro2 v1.0.21
[INFO] [stderr]     Checking slab v0.4.2
[INFO] [stderr]    Compiling libloading v0.6.3
[INFO] [stderr]    Compiling unicode-xid v0.2.1
[INFO] [stderr]    Compiling syn v1.0.41
[INFO] [stderr]    Compiling pkg-config v0.3.18
[INFO] [stderr]    Compiling xml-rs v0.8.3
[INFO] [stderr]    Compiling memchr v2.3.3
[INFO] [stderr]    Compiling nix v0.14.1
[INFO] [stderr]     Checking scopeguard v1.1.0
[INFO] [stderr]     Checking void v1.0.2
[INFO] [stderr]    Compiling pin-project-internal v0.4.23
[INFO] [stderr]    Compiling getrandom v0.1.15
[INFO] [stderr]     Checking lazycell v1.3.0
[INFO] [stderr]    Compiling proc-macro-nested v0.1.6
[INFO] [stderr]     Checking once_cell v1.4.1
[INFO] [stderr]     Checking same-file v1.0.6
[INFO] [stderr]    Compiling maybe-uninit v2.0.0
[INFO] [stderr]     Checking atom v0.3.5
[INFO] [stderr]     Checking downcast-rs v1.2.0
[INFO] [stderr]     Checking pin-utils v0.1.0
[INFO] [stderr]    Compiling wide v0.4.6
[INFO] [stderr]     Checking inplace_it v0.3.2
[INFO] [stderr]     Checking xdg v2.2.0
[INFO] [stderr]     Checking copyless v0.1.5
[INFO] [stderr]     Checking bytemuck v1.4.1
[INFO] [stderr]     Checking ppv-lite86 v0.2.9
[INFO] [stderr]     Checking percent-encoding v2.1.0
[INFO] [stderr]    Compiling glam v0.9.4
[INFO] [stderr]     Checking quick-error v1.2.3
[INFO] [stderr]     Checking regex-syntax v0.6.18
[INFO] [stderr]     Checking pollster v0.2.0
[INFO] [stderr]     Checking either v1.6.0
[INFO] [stderr]     Checking randomize v3.0.1
[INFO] [stderr]     Checking scoped_threadpool v0.1.9
[INFO] [stderr]     Checking tracing-core v0.1.16
[INFO] [stderr]     Checking thread_local v1.0.1
[INFO] [stderr]     Checking lock_api v0.4.1
[INFO] [stderr]     Checking lock_api v0.3.4
[INFO] [stderr]     Checking walkdir v2.3.1
[INFO] [stderr]     Checking futures-task v0.3.5
[INFO] [stderr]     Checking hibitset v0.6.3
[INFO] [stderr]     Checking humantime v1.3.0
[INFO] [stderr]    Compiling num-traits v0.2.12
[INFO] [stderr]     Checking itertools v0.9.0
[INFO] [stderr]    Compiling x11 v2.18.2
[INFO] [stderr]    Compiling x11-dl v2.18.5
[INFO] [stderr]     Checking wgpu-types v0.6.1
[INFO] [stderr]     Checking tracing v0.1.19
[INFO] [stderr]    Compiling wayland-scanner v0.23.6
[INFO] [stderr]     Checking dlib v0.4.2
[INFO] [stderr]     Checking ash v0.31.0
[INFO] [stderr]     Checking aho-corasick v0.7.13
[INFO] [stderr]     Checking wayland-sys v0.23.6
[INFO] [stderr]     Checking stb_truetype v0.3.1
[INFO] [stderr]     Checking fxhash v0.2.1
[INFO] [stderr]    Compiling quote v1.0.7
[INFO] [stderr]     Checking ultraviolet v0.4.6
[INFO] [stderr]     Checking raw-window-handle v0.3.3
[INFO] [stderr]     Checking net2 v0.2.35
[INFO] [stderr]     Checking iovec v0.1.4
[INFO] [stderr]     Checking parking_lot_core v0.8.0
[INFO] [stderr]     Checking memmap v0.7.0
[INFO] [stderr]     Checking parking_lot_core v0.7.2
[INFO] [stderr]     Checking atty v0.2.14
[INFO] [stderr]     Checking gfx-hal v0.6.0
[INFO] [stderr]     Checking rand_core v0.5.1
[INFO] [stderr]     Checking parking_lot v0.11.0
[INFO] [stderr]     Checking mio v0.6.22
[INFO] [stderr]     Checking parking_lot v0.10.2
[INFO] [stderr]     Checking rand_chacha v0.2.2
[INFO] [stderr]     Checking rand_xoshiro v0.4.0
[INFO] [stderr]     Checking approx v0.3.2
[INFO] [stderr]     Checking ordered-float v1.1.0
[INFO] [stderr]     Checking spirv_headers v1.5.0
[INFO] [stderr]     Checking line_drawing v0.7.0
[INFO] [stderr]     Checking num-traits v0.1.43
[INFO] [stderr]     Checking rand v0.7.3
[INFO] [stderr]     Checking line_drawing v0.8.0
[INFO] [stderr]     Checking rusttype v0.8.3
[INFO] [stderr]     Checking regex v1.3.9
[INFO] [stderr]     Checking rusttype v0.7.9
[INFO] [stderr]     Checking andrew v0.2.1
[INFO] [stderr]    Compiling wayland-client v0.23.6
[INFO] [stderr]    Compiling wayland-protocols v0.23.6
[INFO] [stderr]     Checking mio-extras v2.0.6
[INFO] [stderr]     Checking rand_distr v0.3.0
[INFO] [stderr]     Checking env_logger v0.7.1
[INFO] [stderr]     Checking wayland-commons v0.23.6
[INFO] [stderr]     Checking calloop v0.4.4
[INFO] [stderr]     Checking gfx-backend-empty v0.6.0
[INFO] [stderr]     Checking gfx-descriptor v0.2.0
[INFO] [stderr]     Checking gfx-memory v0.2.0
[INFO] [stderr]    Compiling futures-macro v0.3.5
[INFO] [stderr]    Compiling thiserror-impl v1.0.20
[INFO] [stderr]     Checking smithay-client-toolkit v0.6.6
[INFO] [stderr]     Checking thiserror v1.0.20
[INFO] [stderr]     Checking naga v0.2.0
[INFO] [stderr]     Checking winit v0.22.2
[INFO] [stderr]     Checking pin-project v0.4.23
[INFO] [stderr]     Checking futures-util v0.3.5
[INFO] [stderr]     Checking gfx-backend-vulkan v0.6.1
[INFO] [stderr]     Checking winit_input_helper v0.6.0
[INFO] [stderr]     Checking wgpu-core v0.6.3
[INFO] [stderr]     Checking futures-executor v0.3.5
[INFO] [stderr]     Checking futures v0.3.5
[INFO] [stderr]     Checking wgpu v0.6.0
[INFO] [stderr]     Checking pixels v0.2.0
[INFO] [stderr]     Checking rpathtracer v0.1.0 (/opt/rustwide/workdir)
[INFO] [stdout] error[E0308]: mismatched types
[INFO] [stdout]   --> src/main.rs:40:66
[INFO] [stdout]    |
[INFO] [stdout] 40 |     let surface_texture = SurfaceTexture::new(p_width, p_height, surface);
[INFO] [stdout]    |                                                                  ^^^^^^^
[INFO] [stdout]    |                                                                  |
[INFO] [stdout]    |                                                                  expected reference, found struct `Surface`
[INFO] [stdout]    |                                                                  help: consider borrowing here: `&surface`
[INFO] [stdout]    |
[INFO] [stdout]    = note: expected reference `&_`
[INFO] [stdout]                  found struct `Surface`
[INFO] [stdout] 
[INFO] [stdout] 
[INFO] [stdout] error[E0308]: mismatched types
[INFO] [stdout]   --> src/main.rs:40:66
[INFO] [stdout]    |
[INFO] [stdout] 40 |     let surface_texture = SurfaceTexture::new(p_width, p_height, surface);
[INFO] [stdout]    |                                                                  ^^^^^^^
[INFO] [stdout]    |                                                                  |
[INFO] [stdout]    |                                                                  expected reference, found struct `Surface`
[INFO] [stdout]    |                                                                  help: consider borrowing here: `&surface`
[INFO] [stdout]    |
[INFO] [stdout]    = note: expected reference `&_`
[INFO] [stdout]                  found struct `Surface`
[INFO] [stdout] 
[INFO] [stdout] 
[INFO] [stdout] error[E0599]: no function or associated item named `create` found for struct `Surface` in the current scope
[INFO] [stdout]    --> src/main.rs:172:42
[INFO] [stdout]     |
[INFO] [stdout] 172 |     let surface = pixels::wgpu::Surface::create(&window);
[INFO] [stdout]     |                                          ^^^^^^ function or associated item not found in `Surface`
[INFO] [stdout] 
[INFO] [stdout] 
[INFO] [stdout] error[E0599]: no function or associated item named `create` found for struct `Surface` in the current scope
[INFO] [stdout]    --> src/main.rs:172:42
[INFO] [stdout]     |
[INFO] [stdout] 172 |     let surface = pixels::wgpu::Surface::create(&window);
[INFO] [stdout]     |                                          ^^^^^^ function or associated item not found in `Surface`
[INFO] [stdout] 
[INFO] [stdout] 
[INFO] [stdout] error: aborting due to 2 previous errors
[INFO] [stdout] 
[INFO] [stdout] 
[INFO] [stdout] Some errors have detailed explanations: E0308, E0599.
[INFO] [stdout] 
[INFO] [stdout] For more information about an error, try `rustc --explain E0308`.
[INFO] [stdout] 
[INFO] [stdout] error: aborting due to 2 previous errors
[INFO] [stdout] 
[INFO] [stdout] 
[INFO] [stdout] Some errors have detailed explanations: E0308, E0599.
[INFO] [stdout] 
[INFO] [stdout] For more information about an error, try `rustc --explain E0308`.
[INFO] [stdout] 
[INFO] [stderr] error: could not compile `rpathtracer`.
[INFO] [stderr] 
[INFO] [stderr] To learn more, run the command again with --verbose.
[INFO] [stderr] warning: build failed, waiting for other jobs to finish...
[INFO] [stderr] error: build failed
[INFO] running `Command { std: "docker" "inspect" "f30b5e556bb7021090f84aa52bf4eaac54d25007f32bf26c7df143e81a7c62a0", kill_on_drop: false }`
[INFO] running `Command { std: "docker" "rm" "-f" "f30b5e556bb7021090f84aa52bf4eaac54d25007f32bf26c7df143e81a7c62a0", kill_on_drop: false }`
[INFO] [stdout] f30b5e556bb7021090f84aa52bf4eaac54d25007f32bf26c7df143e81a7c62a0
